{"id":5724,"date":"2019-12-31T17:50:29","date_gmt":"2019-12-31T17:50:29","guid":{"rendered":"https:\/\/sph.net.br\/site\/?page_id=5724"},"modified":"2020-01-01T15:43:00","modified_gmt":"2020-01-01T15:43:00","slug":"controle-de-qualidade","status":"publish","type":"page","link":"https:\/\/sph.net.br\/site\/controle-de-qualidade\/","title":{"rendered":"CONTROLE DE QUALIDADE"},"content":{"rendered":"\n<p><strong>Padr\u00f5es de Impress\u00e3o Verificados via Software<\/strong><\/p>\n\n\n\n<p>Utilizamos o Print Standard Verifier, a ferramenta do RIP da Caldera utilizada para controlar a qualidade de nossas configura\u00e7\u00f5es de impress\u00e3o e compar\u00e1-las com normas internacionalmente reconhecidas. O Print Standard Verifier verifica a conformidade com certifica\u00e7\u00f5es FOGRA e ISO.<\/p>\n\n\n\n<figure class=\"wp-block-table is-style-regular\"><table class=\"\"><tbody><tr><td><\/td><td><strong>Perfil<\/strong><\/td><td><strong>Resultado de conformidade<\/strong><\/td><\/tr><tr><td>1<\/td><td><strong>IMPRESSORA:<\/strong><br>HP L\u00c1TEX 570<br><strong>MATERIAL:<\/strong>\u00a0<br>ADESIVO 3M IJ15-10<br><strong>TINTA:<\/strong><br>ORIGINAL<br><strong>RESOLU\u00c7\u00c3O:<\/strong><br>600\u00d71200<br><strong>MODO:<\/strong><br>8 PASSES \u2013 100% TINTA<br><strong>\u00daLTIMA VERIFICA\u00c7\u00c3O:<\/strong><br>25\/08\/2019<\/td><td><img loading=\"lazy\" width=\"110\" height=\"85\" class=\"wp-image-5725\" style=\"width: 110px;\" src=\"https:\/\/sph.net.br\/site\/wp-content\/uploads\/2019\/12\/psdBR.png\" alt=\"\"><\/td><\/tr><tr><td>2<\/td><td><strong>IMPRESSORA:<\/strong><br>HP L\u00c1TEX 570<br><strong>MATERIAL:<\/strong><br>ADESIVO 3M 40C-10R<br><strong>TINTA:<\/strong><br>ORIGINAL<br><strong>RESOLU\u00c7\u00c3O:<\/strong><br>600\u00d71200<br><strong>MODO:<\/strong><br>6\/8\/10 PASSES \u2013 100% TINTA<br><strong>\u00daLTIMA VERIFICA\u00c7\u00c3O:<\/strong><br>26\/08\/2019<\/td><td><img loading=\"lazy\" width=\"110\" height=\"85\" class=\"wp-image-5726\" style=\"width: 110px;\" src=\"https:\/\/sph.net.br\/site\/wp-content\/uploads\/2019\/12\/psdAR.png\" alt=\"\"><img loading=\"lazy\" width=\"110\" height=\"85\" class=\"wp-image-5727\" style=\"width: 110px;\" src=\"https:\/\/sph.net.br\/site\/wp-content\/uploads\/2019\/12\/psdA.png\" alt=\"\"><\/td><\/tr><tr><td>3<\/td><td><strong>IMPRESSORA:<\/strong><br>HP L\u00c1TEX 570<br><strong>MATERIAL:<\/strong><br>ADESIVO 3M 40C-10R<br><strong>TINTA:<\/strong><br>ORIGINAL<br><strong>RESOLU\u00c7\u00c3O:<\/strong><br>600\u00d71200<br><strong>MODO:<\/strong><br>12 PASSES \u2013 150% TINTA<br><strong>\u00daLTIMA VERIFICA\u00c7\u00c3O:<\/strong><br>27\/08\/2019<\/td><td><img loading=\"lazy\" width=\"110\" height=\"85\" class=\"wp-image-5728\" style=\"width: 110px;\" src=\"https:\/\/sph.net.br\/site\/wp-content\/uploads\/2019\/12\/12647-7A.png\" alt=\"\"><img loading=\"lazy\" width=\"110\" height=\"85\" class=\"wp-image-5729\" style=\"width: 110px;\" src=\"https:\/\/sph.net.br\/site\/wp-content\/uploads\/2019\/12\/12647-8.png\" alt=\"\"><img loading=\"lazy\" width=\"110\" height=\"85\" class=\"wp-image-5726\" style=\"width: 110px;\" src=\"https:\/\/sph.net.br\/site\/wp-content\/uploads\/2019\/12\/psdAR.png\" alt=\"\"><img loading=\"lazy\" width=\"110\" height=\"85\" class=\"wp-image-5727\" style=\"width: 110px;\" src=\"https:\/\/sph.net.br\/site\/wp-content\/uploads\/2019\/12\/psdA.png\" alt=\"\"><\/td><\/tr><\/tbody><\/table><\/figure>\n","protected":false},"excerpt":{"rendered":"<p>Padr\u00f5es de Impress\u00e3o Verificados via Software Utilizamos o Print Standard Verifier, a ferramenta do RIP da Caldera utilizada para controlar a qualidade de nossas configura\u00e7\u00f5es de impress\u00e3o e compar\u00e1-las com<\/p>\n","protected":false},"author":1,"featured_media":0,"parent":0,"menu_order":0,"comment_status":"closed","ping_status":"closed","template":"","meta":[],"_links":{"self":[{"href":"https:\/\/sph.net.br\/site\/wp-json\/wp\/v2\/pages\/5724"}],"collection":[{"href":"https:\/\/sph.net.br\/site\/wp-json\/wp\/v2\/pages"}],"about":[{"href":"https:\/\/sph.net.br\/site\/wp-json\/wp\/v2\/types\/page"}],"author":[{"embeddable":true,"href":"https:\/\/sph.net.br\/site\/wp-json\/wp\/v2\/users\/1"}],"replies":[{"embeddable":true,"href":"https:\/\/sph.net.br\/site\/wp-json\/wp\/v2\/comments?post=5724"}],"version-history":[{"count":7,"href":"https:\/\/sph.net.br\/site\/wp-json\/wp\/v2\/pages\/5724\/revisions"}],"predecessor-version":[{"id":5794,"href":"https:\/\/sph.net.br\/site\/wp-json\/wp\/v2\/pages\/5724\/revisions\/5794"}],"wp:attachment":[{"href":"https:\/\/sph.net.br\/site\/wp-json\/wp\/v2\/media?parent=5724"}],"curies":[{"name":"wp","href":"https:\/\/api.w.org\/{rel}","templated":true}]}}